{"id":44,"date":"2023-10-03T19:33:44","date_gmt":"2023-10-03T19:33:44","guid":{"rendered":"https:\/\/grupoairsafety.com.br\/site\/empresa\/"},"modified":"2025-02-26T14:10:51","modified_gmt":"2025-02-26T14:10:51","slug":"empresa","status":"publish","type":"page","link":"https:\/\/grupoairsafety.com.br\/site\/empresa\/","title":{"rendered":"A Empresa"},"content":{"rendered":"<div class=\"jf_typo_title\" style=\"margin: 5px 0 20px 0;\">\n<p style=\"color: #666666; font-family: Arial, Helvetica, sans-serif; font-size: 12px; line-height: normal; text-align: justify;\">A\u00a0<span style=\"font-size: x-small;\"><span style=\"color: #ff0000;\"><span style=\"font-size: small;\"><strong>Air Safety<\/strong>\u00a0<\/span><\/span><\/span>foi fundada em\u00a0<strong><span style=\"color: #ff0000;\">1994<\/span><\/strong>\u00a0contendo em seu quadro de funcion\u00e1rios apenas 12 colaboradores.<\/p>\n<p style=\"color: #666666; font-family: Arial, Helvetica, sans-serif; font-size: 12px; line-height: normal; text-align: justify;\">Hoje, caracterizada como Ind\u00fastria, possui uma equipe de 200 profissionais, trabalhando e se especializando para melhor atender e superar as expectativas do mercado, produzindo com m\u00e1xima qualidade e tecnologia, equipamentos de prote\u00e7\u00e3o respirat\u00f3ria e desenvolvendo cursos de seguran\u00e7a no trabalho deste segmento.<\/p>\n<p style=\"color: #666666; font-family: Arial, Helvetica, sans-serif; font-size: 12px; line-height: normal; text-align: justify;\">No ano de 1994, o Brasil importava 85% dos produtos especializados na \u00e1rea de prote\u00e7\u00e3o respirat\u00f3ria, hoje o quadro percentual reduziu em 18%, pois o Pa\u00eds possui empresas cada vez mais capacitadas tecnicamente para a produ\u00e7\u00e3o e desenvolvimento destes tipos de produtos.<\/p>\n<p style=\"color: #666666; font-family: Arial, Helvetica, sans-serif; font-size: 12px; line-height: normal; text-align: justify;\">Al\u00e9m de gerar empregos, ela contribui para o desenvolvimento econ\u00f4mico brasileiro, sendo propriet\u00e1ria de 48 marcas registradas e 18 patentes, trabalhando na produ\u00e7\u00e3o de 3.915 pe\u00e7as que comp\u00f5e a montagem de 325 produtos comercializados, o resultado da qualidade de seus produtos e servi\u00e7os\u00a0mant\u00e9m uma m\u00e9dia de 12.800 clientes instalados em v\u00e1rios estados brasileiros.<\/p>\n<p style=\"color: #666666; font-family: Arial, Helvetica, sans-serif; font-size: 12px; line-height: normal; text-align: justify;\">Nossa empresa \u00e9 genuinamente brasileira, apostamos na efici\u00eancia e qualidade para nosso Pa\u00eds em termos de seguran\u00e7a respirat\u00f3ria, pois se o assunto for deste segmento, a Air Safety oferece o melhor do mercado.<\/p>\n<p style=\"color: #666666; font-family: Arial, Helvetica, sans-serif; font-size: 12px; line-height: normal; text-align: justify;\">O nosso conceito se baseia em:<\/p>\n<p style=\"color: #666666; font-family: Arial, Helvetica, sans-serif; font-size: 12px; line-height: normal; text-align: justify;\"><span style=\"color: #ff0000;\"><span style=\"font-size: small;\"><strong>\u201cSua Seguran\u00e7a \u00e9 a Nossa Maior Responsabilidade\u201d<\/strong><br \/>\n<\/span><br \/>\n<\/span><\/p>\n<\/div>\n<div class=\"jf_typo_border_sep\">\u00a0<img loading=\"lazy\" decoding=\"async\" class=\"pull-left size-full wp-image-43\" src=\"https:\/\/grupoairsafety.com.br\/site\/wp-content\/uploads\/2013\/10\/sbpr.png\" alt=\"\" width=\"300\" height=\"292\" \/><\/div>\n","protected":false},"excerpt":{"rendered":"<p>A\u00a0Air Safety\u00a0foi fundada em\u00a01994\u00a0contendo em seu quadro de funcion\u00e1rios apenas 12 colaboradores. Hoje, caracterizada como Ind\u00fastria, possui uma equipe de 200 profissionais, trabalhando e se especializando para melhor atender e superar as expectativas do mercado, produzindo com m\u00e1xima qualidade e tecnologia, equipamentos de prote\u00e7\u00e3o respirat\u00f3ria e desenvolvendo cursos de seguran\u00e7a no trabalho deste segmento. No [&hellip;]<\/p>\n","protected":false},"author":2,"featured_media":0,"parent":0,"menu_order":9,"comment_status":"closed","ping_status":"closed","template":"","meta":{"footnotes":""},"class_list":["post-44","page","type-page","status-publish","hentry"],"_links":{"self":[{"href":"https:\/\/grupoairsafety.com.br\/site\/wp-json\/wp\/v2\/pages\/44","targetHints":{"allow":["GET"]}}],"collection":[{"href":"https:\/\/grupoairsafety.com.br\/site\/wp-json\/wp\/v2\/pages"}],"about":[{"href":"https:\/\/grupoairsafety.com.br\/site\/wp-json\/wp\/v2\/types\/page"}],"author":[{"embeddable":true,"href":"https:\/\/grupoairsafety.com.br\/site\/wp-json\/wp\/v2\/users\/2"}],"replies":[{"embeddable":true,"href":"https:\/\/grupoairsafety.com.br\/site\/wp-json\/wp\/v2\/comments?post=44"}],"version-history":[{"count":3,"href":"https:\/\/grupoairsafety.com.br\/site\/wp-json\/wp\/v2\/pages\/44\/revisions"}],"predecessor-version":[{"id":988,"href":"https:\/\/grupoairsafety.com.br\/site\/wp-json\/wp\/v2\/pages\/44\/revisions\/988"}],"wp:attachment":[{"href":"https:\/\/grupoairsafety.com.br\/site\/wp-json\/wp\/v2\/media?parent=44"}],"curies":[{"name":"wp","href":"https:\/\/api.w.org\/{rel}","templated":true}]}}