{"id":51,"date":"2023-10-03T19:33:44","date_gmt":"2023-10-03T19:33:44","guid":{"rendered":"https:\/\/grupoairsafety.com.br\/site\/descartavel-linha-absolute\/"},"modified":"2025-03-21T01:13:09","modified_gmt":"2025-03-21T01:13:09","slug":"descartavel-linha-absolute","status":"publish","type":"page","link":"https:\/\/grupoairsafety.com.br\/site\/descartavel-linha-absolute\/","title":{"rendered":"Descart\u00e1vel &#8211; Linha Absolute"},"content":{"rendered":"\n<p><strong>Marca Registrada:&nbsp;828.048.983<\/strong><\/p>\n\n\n\n<p>O respirador ABSOLUTE apresenta diferenciais de formato, de conforto e de qualidade, al\u00e9m do suporte t\u00e9cnico oferecido pela Air Safety aos clientes.<br>Isto vem proporcionar uma otimiza\u00e7\u00e3o e produtividade as empresas.<\/p>\n\n\n\n<p><br>Ap\u00f3s anos de estudos e pesquisas a ABSOLUTE chega para sua satisfa\u00e7\u00e3o em respirador descart\u00e1vel.<\/p>\n\n\n\n<figure class=\"wp-block-image size-full is-resized\"><img loading=\"lazy\" decoding=\"async\" width=\"995\" height=\"807\" src=\"https:\/\/grupoairsafety.com.br\/site\/wp-content\/uploads\/2024\/04\/absolute.jpg\" alt=\"\" class=\"wp-image-941\" style=\"width:730px;height:602px\" srcset=\"https:\/\/grupoairsafety.com.br\/site\/wp-content\/uploads\/2024\/04\/absolute.jpg 995w, https:\/\/grupoairsafety.com.br\/site\/wp-content\/uploads\/2024\/04\/absolute-300x243.jpg 300w, https:\/\/grupoairsafety.com.br\/site\/wp-content\/uploads\/2024\/04\/absolute-768x623.jpg 768w\" sizes=\"auto, (max-width: 995px) 100vw, 995px\" \/><\/figure>\n\n\n\n<p><strong>ABSOLUTE PFF2S BRANCA | COM V\u00c1LVULA <strong> | <\/strong> C\u00f3d: 515055 | <a href=\"https:\/\/grupoairsafety.com.br\/site\/ca\/CA_38948.pdf\" target=\"_blank\" rel=\"noreferrer noopener\">CA N\u00ba: 38948<\/a><\/strong>\u00a0 \u00a0<a href=\"https:\/\/grupoairsafety.com.br\/site\/et\/ABSOLUTE_PFF2_CV.pdf\" target=\"_blank\" rel=\"noreferrer noopener\">Especifica\u00e7\u00e3o T\u00e9cnica<\/a><\/p>\n\n\n\n<p><strong>C\u00f3digo EAN&nbsp; : 7898337850022&nbsp;<\/strong><\/p>\n\n\n\n<p><strong style=\"color: #666666; font-family: Arial, Helvetica, sans-serif; font-size: small; line-height: normal; text-align: justify;\">&#8220;Conforme Orienta\u00e7\u00e3o do Governo Federal Adquira Sempre Produtos Nacionais&#8221;<\/strong><\/p>\n\n\n\n<figure class=\"wp-block-image\"><img decoding=\"async\" src=\"https:\/\/grupoairsafety.com.br\/site\/wp-content\/uploads\/2013\/05\/selo.jpg\" alt=\"\" class=\"wp-image-50\"\/><\/figure>\n\n\n\n<p><\/p>\n","protected":false},"excerpt":{"rendered":"<p>Marca Registrada:&nbsp;828.048.983 O respirador ABSOLUTE apresenta diferenciais de formato, de conforto e de qualidade, al\u00e9m do suporte t\u00e9cnico oferecido pela Air Safety aos clientes.Isto vem proporcionar uma otimiza\u00e7\u00e3o e produtividade as empresas. Ap\u00f3s anos de estudos e pesquisas a ABSOLUTE chega para sua satisfa\u00e7\u00e3o em respirador descart\u00e1vel. ABSOLUTE PFF2S BRANCA | COM V\u00c1LVULA | C\u00f3d: [&hellip;]<\/p>\n","protected":false},"author":2,"featured_media":0,"parent":0,"menu_order":9,"comment_status":"closed","ping_status":"closed","template":"","meta":{"footnotes":""},"class_list":["post-51","page","type-page","status-publish","hentry"],"_links":{"self":[{"href":"https:\/\/grupoairsafety.com.br\/site\/wp-json\/wp\/v2\/pages\/51","targetHints":{"allow":["GET"]}}],"collection":[{"href":"https:\/\/grupoairsafety.com.br\/site\/wp-json\/wp\/v2\/pages"}],"about":[{"href":"https:\/\/grupoairsafety.com.br\/site\/wp-json\/wp\/v2\/types\/page"}],"author":[{"embeddable":true,"href":"https:\/\/grupoairsafety.com.br\/site\/wp-json\/wp\/v2\/users\/2"}],"replies":[{"embeddable":true,"href":"https:\/\/grupoairsafety.com.br\/site\/wp-json\/wp\/v2\/comments?post=51"}],"version-history":[{"count":6,"href":"https:\/\/grupoairsafety.com.br\/site\/wp-json\/wp\/v2\/pages\/51\/revisions"}],"predecessor-version":[{"id":1088,"href":"https:\/\/grupoairsafety.com.br\/site\/wp-json\/wp\/v2\/pages\/51\/revisions\/1088"}],"wp:attachment":[{"href":"https:\/\/grupoairsafety.com.br\/site\/wp-json\/wp\/v2\/media?parent=51"}],"curies":[{"name":"wp","href":"https:\/\/api.w.org\/{rel}","templated":true}]}}

Descartável &#8211; Linha Absolute

<p><strong>Marca Registrada:&nbsp;828.048.983</strong></p>



<p>O respirador ABSOLUTE apresenta diferenciais de formato, de conforto e de qualidade, além do suporte técnico oferecido pela Air Safety aos clientes.<br>Isto vem proporcionar uma otimização e produtividade as empresas.</p>



<p><br>Após anos de estudos e pesquisas a ABSOLUTE chega para sua satisfação em respirador descartável.</p>



<figure class="wp-block-image size-full is-resized"><img loading="lazy" decoding="async" width="995" height="807" src="https://grupoairsafety.com.br/site/wp-content/uploads/2024/04/absolute.jpg" alt="" class="wp-image-941" style="width:730px;height:602px" srcset="https://grupoairsafety.com.br/site/wp-content/uploads/2024/04/absolute.jpg 995w, https://grupoairsafety.com.br/site/wp-content/uploads/2024/04/absolute-300x243.jpg 300w, https://grupoairsafety.com.br/site/wp-content/uploads/2024/04/absolute-768x623.jpg 768w" sizes="auto, (max-width: 995px) 100vw, 995px" /></figure>



<p><strong>ABSOLUTE PFF2S BRANCA | COM VÁLVULA <strong> | </strong> Cód: 515055 | <a href="https://grupoairsafety.com.br/site/ca/CA_38948.pdf" target="_blank" rel="noreferrer noopener">CA Nº: 38948</a></strong>   <a href="https://grupoairsafety.com.br/site/et/ABSOLUTE_PFF2_CV.pdf" target="_blank" rel="noreferrer noopener">Especificação Técnica</a></p>



<p><strong>Código EAN&nbsp; : 7898337850022&nbsp;</strong></p>



<p><strong style="color: #666666; font-family: Arial, Helvetica, sans-serif; font-size: small; line-height: normal; text-align: justify;">&#8220;Conforme Orientação do Governo Federal Adquira Sempre Produtos Nacionais&#8221;</strong></p>



<figure class="wp-block-image"><img decoding="async" src="https://grupoairsafety.com.br/site/wp-content/uploads/2013/05/selo.jpg" alt="" class="wp-image-50"/></figure>



<p></p>

<p>Marca Registrada:&nbsp;828.048.983 O respirador ABSOLUTE apresenta diferenciais de formato, de conforto e de qualidade, além do suporte técnico oferecido pela Air Safety aos clientes.Isto vem proporcionar uma otimização e produtividade as empresas. Após anos de estudos e pesquisas a ABSOLUTE chega para sua satisfação em respirador descartável. ABSOLUTE PFF2S BRANCA | COM VÁLVULA | Cód: [&hellip;]</p>
