{"id":76,"date":"2023-10-03T19:33:44","date_gmt":"2023-10-03T19:33:44","guid":{"rendered":"https:\/\/grupoairsafety.com.br\/site\/servicos-assistencia-tecnica\/"},"modified":"2025-03-20T21:19:58","modified_gmt":"2025-03-20T21:19:58","slug":"servicos-assistencia-tecnica","status":"publish","type":"page","link":"https:\/\/grupoairsafety.com.br\/site\/servicos-assistencia-tecnica\/","title":{"rendered":"Servi\u00e7os &#8211; Assist\u00eancia T\u00e9cnica"},"content":{"rendered":"\n<p><strong>AIRSAFETY SERVICES<\/strong><\/p>\n\n\n\n<h3 class=\"wp-block-heading\">ASSESSORIA T\u00c9CNICA PARA SEUS EQUIPAMENTOS<\/h3>\n\n\n\n<p><\/p>\n\n\n\n<p>Visando atender a nossos clientes e assim criar uma s\u00f3lida parceria. Oferecemos manuten\u00e7\u00e3o para de toda nossa linha de equipamentos bem como as pe\u00e7as originais de reposi\u00e7\u00e3o, com Qualidade Total.<\/p>\n\n\n\n<p><\/p>\n\n\n\n<hr class=\"wp-block-separator has-alpha-channel-opacity\"\/>\n\n\n\n<p><h3 style=\"font-family: Arial, Helvetica, sans-serif; font-size: 14px; color: #cc0000; text-transform: uppercase; text-align: justify;\">PINTURAS<\/h3><span style=\"font-size: revert; color: initial;\">Nosso departamento de Pinturas para cilindros, onde utilizamos as tecnologias mais avan\u00e7adas para que possamos atingir a Qualidade Total.<\/span><\/p>\n\n\n\n<p><img loading=\"lazy\" decoding=\"async\" width=\"139\" height=\"151\" class=\" size-full wp-image-72\" style=\"font-size: revert; color: initial;\" src=\"https:\/\/grupoairsafety.com.br\/site\/wp-content\/uploads\/2015\/07\/pintura.jpg\" alt=\"\"><\/p>\n\n\n\n<hr class=\"wp-block-separator has-alpha-channel-opacity\"\/>\n\n\n\n<p><h3 style=\"font-family: Arial, Helvetica, sans-serif; font-size: 14px; color: #cc0000; text-transform: uppercase; text-align: justify;\">INSPE\u00c7\u00c3O E QUALIDADE<\/h3><\/p>\n\n\n\n<p><p>Equipamentos testado e aprovados.<\/p><\/p>\n\n\n\n<p><figure><img loading=\"lazy\" decoding=\"async\" width=\"227\" height=\"133\" class=\" size-full wp-image-73\" src=\"https:\/\/grupoairsafety.com.br\/site\/wp-content\/uploads\/2015\/07\/qualidade_03_gd.jpg\" alt=\"\"><\/figure><\/p>\n\n\n\n<hr class=\"wp-block-separator has-alpha-channel-opacity\"\/>\n\n\n\n<p><h3 style=\"font-family: Arial, Helvetica, sans-serif; font-size: 14px; color: #cc0000; text-transform: uppercase; text-align: justify;\">Teste hidrost\u00e1tico<\/h3><\/p>\n\n\n\n<p>Para que possamos ter qualidade assegurada o departamento de Teste Hidrost\u00e1tico foi constitu\u00eddo para atender a todas Normas Internacionais<\/p>\n\n\n\n<h3 class=\"wp-block-heading\"><figure><img loading=\"lazy\" decoding=\"async\" class=\" size-full wp-image-74\" src=\"https:\/\/grupoairsafety.com.br\/site\/wp-content\/uploads\/2015\/07\/teste_hidro.jpg\" alt=\"\" width=\"287\" height=\"162\"><\/figure><\/h3>\n\n\n\n<p><\/p>\n","protected":false},"excerpt":{"rendered":"<p>AIRSAFETY SERVICES ASSESSORIA T\u00c9CNICA PARA SEUS EQUIPAMENTOS Visando atender a nossos clientes e assim criar uma s\u00f3lida parceria. Oferecemos manuten\u00e7\u00e3o para de toda nossa linha de equipamentos bem como as pe\u00e7as originais de reposi\u00e7\u00e3o, com Qualidade Total. PINTURAS Nosso departamento de Pinturas para cilindros, onde utilizamos as tecnologias mais avan\u00e7adas para que possamos atingir a [&hellip;]<\/p>\n","protected":false},"author":2,"featured_media":0,"parent":0,"menu_order":21,"comment_status":"closed","ping_status":"closed","template":"","meta":{"footnotes":""},"class_list":["post-76","page","type-page","status-publish","hentry"],"_links":{"self":[{"href":"https:\/\/grupoairsafety.com.br\/site\/wp-json\/wp\/v2\/pages\/76","targetHints":{"allow":["GET"]}}],"collection":[{"href":"https:\/\/grupoairsafety.com.br\/site\/wp-json\/wp\/v2\/pages"}],"about":[{"href":"https:\/\/grupoairsafety.com.br\/site\/wp-json\/wp\/v2\/types\/page"}],"author":[{"embeddable":true,"href":"https:\/\/grupoairsafety.com.br\/site\/wp-json\/wp\/v2\/users\/2"}],"replies":[{"embeddable":true,"href":"https:\/\/grupoairsafety.com.br\/site\/wp-json\/wp\/v2\/comments?post=76"}],"version-history":[{"count":7,"href":"https:\/\/grupoairsafety.com.br\/site\/wp-json\/wp\/v2\/pages\/76\/revisions"}],"predecessor-version":[{"id":1085,"href":"https:\/\/grupoairsafety.com.br\/site\/wp-json\/wp\/v2\/pages\/76\/revisions\/1085"}],"wp:attachment":[{"href":"https:\/\/grupoairsafety.com.br\/site\/wp-json\/wp\/v2\/media?parent=76"}],"curies":[{"name":"wp","href":"https:\/\/api.w.org\/{rel}","templated":true}]}}